alculate the remainder when 3040 is divided by ((-42)/28 + -12)/(3/(-52)).
232
Calculate the remainder when 771 is divided by (-1389)/8334 - (2 - 2 - (-847)/(-6)).
66
Let s(h) = -135*h + 33. Let b be s(-11). What is the remainder when 18/90 - b/(-10) is divided by 31?
28
Suppose -140*n + 145*n - 977 = -b, -4914 = -5*b + 4*n. What is the remainder when b is divided by 193?
17
Let z(s) = 18*s - 104. Calculate the remainder when 2*62/(-5)*-5 is divided by z(7).
14
Let r = 7419 + -7351. Let j = -889 - -1568. What is the remainder when j is divided by r?
67
Let f(l) = -1284*l + 43697. Calculate the remainder when f(34) is divided by (-2)/8 + (-57)/(-4).
13
Let s be 825/(-9) - (2 + (-10)/6). Let k = 126 + s. What is the remainder when 39 is divided by k?
5
Let a(y) = -2*y - 19. Suppose -3*d = 1 - 25. Suppose 154 = v - d*v. Calculate the remainder when a(v) is divided by 15.
10
Suppose m = 2*p - 0*m - 487, -3 = 3*m. Let y = p + -156. What is the remainder when y is divided by (-8)/(-12)*(-33)/(-1)?
21
Let k(h) = -10*h + 351. What is the remainder when 231 is divided by k(26)?
49
Let b = -25503 + 37109. Calculate the remainder when b is divided by 47.
44
Let g(l) = -34*l - 121. Suppose 0 = 14*i - 418 + 82. What is the remainder when g(-19) is divided by i?
21
Suppose 0 = -3*u - 0*u + 291. Suppose -u - 20 = 3*h. Let v = h + 53. Calculate the remainder when v is divided by 4.
2
Let t = -24 - -46. Suppose -16*v = -t*v + 30. What is the remainder when 38 is divided by 13*(0/v - -1)?
12
Let p(z) = -26*z - 16. Let d be p(-10). Let g = d + -164. Suppose 0*i + 3*i = -2*l + 39, 3*l - 106 = 5*i. What is the remainder when g is divided by l?
26
What is the remainder when 812 is divided by (-3600)/(-39) + (-1024)/3328?
76
Let z(q) = 31*q - 1475. What is the remainder when 206 is divided by z(48)?
11
Let u = 15 - -31. Suppose -13*v + 3723 + 8042 = 0. Suppose -26*k + v = -21*k. Calculate the remainder when k is divided by u.
43
Let g be (135/(-6) - -1)/((-2)/(-8)). Let f = -81 - g. Suppose 0 = 6*i + f*i - 165. What is the remainder when 44 is divided by i?
14
Let r(j) = 37*j - 21. Let f = -380 + 390. What is the remainder when r(f) is divided by 35?
34
Let h be ((-54)/4)/(7/((-56)/12)). Suppose 0 = -r + a + h, 15 = 5*r - 2*a - 18. What is the remainder when r is divided by 1?
0
Let s be 1/((-2636)/4564 - (-8)/14). Let h be (s/3 - (-8 - -9))*3. Calculate the remainder when 4 + h/4*(-4 + 2) is divided by 11.
10
Let q be (-18)/(-14) + (-24)/(-14) + -2. Let b be q*(-3)/5*(-26 - -1). Calculate the remainder when (-2 - (-51)/(-2))*(-48)/b is divided by 15.
13
Calculate the remainder when (-8)/(-44) + 8399156/748 is divided by 156.
153
Let b(i) be the second derivative of -i**3/3 + 21*i**2/2 - 21*i. Let c be b(23). Let w = c + 45. What is the remainder when 99 is divided by w?
19
Suppose 5*b - 3*t - 96 = 0, 63*b = 59*b + 2*t + 74. What is the remainder when b is divided by (-1*3)/((-3)/3)?
0
Let w(v) = -2*v**2 + 11*v - 8. Let z(b) = b**3 + 5*b**2 + 4*b + 2. Let j be z(-3). Let n be w(j). Let y = n + 82. What is the remainder when 67 is divided by y?
33
Suppose 0*u + 2*u = 26. Let q be (-9)/(54/12) + (1 - 0). Let v = q - -45. Calculate the remainder when v is divided by u.
5
Calculate the remainder when ((1530/51)/90)/(0 - (-1)/1083) is divided by 81.
37
Let s = 461 - 485. What is the remainder when (-8 + 11)*(4 - (-1 + s)) is divided by 15?
12
Let v(f) = 25*f**2 + 629*f + 2534. Calculate the remainder when v(-4) is divided by 23.
4
What is the remainder when 1/(-4*(-8)/16288) is divided by 14?
5
Let m = 9 - 6. Let u be (-372)/(-48) - (-3)/(-4). Suppose -14 - 56 = -u*w. What is the remainder when w is divided by m?
1
Suppose -5*u = 0, -r + 3*u - 5 = -0*r. Let c = 16 - r. Calculate the remainder when 87 is divided by (3 - 3) + c - -1 - 0.
21
Let b(w) = -w**2 - 12*w + 25. Let m be (44/(-16) - -2)/(1/16). Let l be b(m). Suppose 5 + l = 3*v. What is the remainder when v is divided by 3?
1
Let d(z) = -5*z - 6. What is the remainder when (-80)/3*(-9801)/10890 is divided by d(-4)?
10
Let y be (-9)/6*(-2)/3*-57. Let o be (0 - y/(-12)) + 3/(-12). Calculate the remainder when (-168)/(-20)*o/(-2) is divided by 4.
1
Let g = 4667 - 4423. Calculate the remainder when g is divided by 135.
109
Let r(y) = -y**3 + 7*y**2 - y - 7. Suppose -4*z + 36 = 4*t, 0 = -z + 5*t - 0 + 45. What is the remainder when r(6) is divided by z?
8
Suppose -5*l = -2*f - 1044, 3*f = 4*f - 3. What is the remainder when 3987 is divided by l?
207
What is the remainder when 761 is divided by (-9)/(9/(-374)) + 350/(-35)?
33
Let s(h) = 6*h**2 - h - 1. Let c be s(-1). Suppose -9*j + 66 = -c*j. What is the remainder when 518/6 - 1/3 is divided by j?
20
Let d = -115 + 101. Let o be 0 - (-1)/7 - 26/d. Suppose -3*w + 192 = -4*m, 0*w = 3*w + o*m - 192. Calculate the remainder when w is divided by 34.
30
Suppose 3*j = -3*y + 93, 68*y = 65*y - 4*j + 93. Calculate the remainder when 306 is divided by y.
27
Suppose -3*f + 175 = -12*f + 1354. Calculate the remainder when f is divided by 49.
33
Suppose -349*o + 59 = 2*h - 350*o, 5*h - 153 = -3*o. What is the remainder when 6298 is divided by h?
28
Let y(a) = 33*a**2 + 40 - 73 + 32*a + a**3 + 40. What is the remainder when 109 is divided by y(-32)?
4
Suppose -29*c + 27*c = j - 342, -4*j = 3*c - 1378. Suppose 20 = -8*s + 724. Calculate the remainder when j is divided by s.
82
Suppose -19 + 9 = 2*b, -269 = -s + 3*b. Suppose -2*n = -2*x - 4*n + 180, s = 3*x - n. Calculate the remainder when x is divided by 22.
20
Suppose -26*q = -16*q - 500. Calculate the remainder when 7/(14/1492) + 0 + 1 is divided by q.
47
Let w be 7 - (3 + -4) - 0. Suppose g - 18 = -w*g. Let j(f) = 29*f - 2. What is the remainder when j(g) is divided by 30?
26
Let y = 20817 + -6228. What is the remainder when y is divided by 76?
73
Let y(b) = b**2 - 4*b. Let i = 161 - 50. Let w = i + -100. What is the remainder when y(8) is divided by w?
10
Calculate the remainder when (1218/(-12) - 1)*-3*2 is divided by 142.
47
Let y = 805 - 802. Suppose 3*x + 5*r - 946 = 0, -x - y*r = -50 - 268. Calculate the remainder when x is divided by 105.
102
Let u(m) be the second derivative of m**4/6 - m**3/6 - 3*m**2/2 + 3*m. Suppose 64*n - 1060 = -42*n. What is the remainder when u(-3) is divided by n?
8
Let s be 23 - 16 - (-2 + 1). Let v be s - 9/2*(-8)/(-12). What is the remainder when v + -2 - (-5)/(30/72) is divided by 9?
6
Suppose -22*i = 19*i + 2460. Let f = 19 - i. Suppose -r + 42 = r. Calculate the remainder when f is divided by r.
16
Let y be 7 + (-2)/(-4)*-4. Suppose 3*w = -3*s + s, -y*s = w + 13. Suppose w*x - 15 - 7 = 0. What is the remainder when x is divided by 6?
5
Let p(x) = x**3 - 10*x**2 + 17*x - 8. Let u be p(8). Suppose u = 3*l - 5*l + 14. Suppose l*z - 268 = 3*z. What is the remainder when z is divided by 17?
16
Let t = -3 + 8. Let a(k) be the second derivative of k**3/2 + 15*k**2/2 + 19*k. Calculate the remainder when a(3) is divided by t.
4
What is the remainder when 1377 is divided by (-475)/190*((-748)/70 - (-12)/42)?
25
Let v(l) = -518*l - 6159. Calculate the remainder when 4727 is divided by v(-12).
53
Let q(l) = l**3 - 9*l**2 + 19*l - 15. Let x be q(7). Suppose -5*p = -4*z + 8*z - 260, 4*z = -x. Calculate the remainder when 212 is divided by p.
44
Let c(m) be the second derivative of m**5/20 - 23*m**4/12 - 7*m**3/3 + 13*m**2/2 + 26*m. What is the remainder when c(24) is divided by (0 + 51)/1*1?
49
Let a(r) = -2*r**3 + 3*r**2 + r - 2. Let q be a(2). Let t = 1 - q. Suppose 0 = -v + 228 - 224. Calculate the remainder when t is divided by v.
1
Suppose -4*r = -1 + 21, 3*f = 4*r - 13. Let l = -22 + f. Let o = 37 + l. Calculate the remainder when 14 is divided by o.
2
Suppose -38*j - 44 = -39*j. Suppose -o - m = -121, 372 = 3*o - 3*m - 15. Calculate the remainder when o is divided by j.
37
Suppose 0 = -603*w + 575*w + 55020. Calculate the remainder when w is divided by 249.
222
Suppose 4*q = 3*q - 5*r - 15, -q = -5*r - 25. Suppose 124 = q*w - 21. Calculate the remainder when w is divided by 17.
12
Let y(s) = -802*s - 10399. What is the remainder when 726 is divided by y(-13)?
24
Let f = 46 - 49. Let l(x) = x**2 - 14*x - 81. Calculate the remainder when l(19) is divided by f/5 - -6*40/25.
5
Suppose 3*y + 3*c = 